{"id":99591,"date":"2021-01-06T21:56:10","date_gmt":"2021-01-06T20:56:10","guid":{"rendered":"http:\/\/base.vivian.lab\/product\/import-placeholder-for-2289\/"},"modified":"2026-04-23T00:26:30","modified_gmt":"2026-04-22T22:26:30","slug":"almohadilla-dactilar-pelikan-negra","status":"publish","type":"product","link":"https:\/\/www.vivian.com.gt\/tienda\/product\/almohadilla-dactilar-pelikan-negra\/","title":{"rendered":"Almohadilla dactilar Pelikan negra"},"content":{"rendered":"<ul>\n<li>Para impresiones claras y permanentes sobre papel<\/li>\n<li>Secado r\u00e1pido<\/li>\n<li>F\u00e1cil limpieza de los dedos<\/li>\n<li>No requiere solventes para su remoci\u00f3n<\/li>\n<li>Impresi\u00f3n ideal para escaneo \u00f3ptico o fotogr\u00e1fico<\/li>\n<\/ul>\n","protected":false},"excerpt":{"rendered":"<p>Para impresiones claras y permanentes sobre papel<\/p>\n","protected":false},"featured_media":101001,"comment_status":"open","ping_status":"closed","template":"","meta":[],"product_cat":[194,89],"product_tag":[195,196],"_links":{"self":[{"href":"https:\/\/www.vivian.com.gt\/tienda\/wp-json\/wp\/v2\/product\/99591"}],"collection":[{"href":"https:\/\/www.vivian.com.gt\/tienda\/wp-json\/wp\/v2\/product"}],"about":[{"href":"https:\/\/www.vivian.com.gt\/tienda\/wp-json\/wp\/v2\/types\/product"}],"replies":[{"embeddable":true,"href":"https:\/\/www.vivian.com.gt\/tienda\/wp-json\/wp\/v2\/comments?post=99591"}],"wp:featuredmedia":[{"embeddable":true,"href":"https:\/\/www.vivian.com.gt\/tienda\/wp-json\/wp\/v2\/media\/101001"}],"wp:attachment":[{"href":"https:\/\/www.vivian.com.gt\/tienda\/wp-json\/wp\/v2\/media?parent=99591"}],"wp:term":[{"taxonomy":"product_cat","embeddable":true,"href":"https:\/\/www.vivian.com.gt\/tienda\/wp-json\/wp\/v2\/product_cat?post=99591"},{"taxonomy":"product_tag","embeddable":true,"href":"https:\/\/www.vivian.com.gt\/tienda\/wp-json\/wp\/v2\/product_tag?post=99591"}],"curies":[{"name":"wp","href":"https:\/\/api.w.org\/{rel}","templated":true}]}}