{"id":99596,"date":"2021-01-06T21:56:41","date_gmt":"2021-01-06T20:56:41","guid":{"rendered":"http:\/\/base.vivian.lab\/product\/import-placeholder-for-2326\/"},"modified":"2026-04-24T01:13:44","modified_gmt":"2026-04-23T23:13:44","slug":"boligrafo-pelikan-pointec-punto-mediano-1-0mm","status":"publish","type":"product","link":"https:\/\/www.vivian.com.gt\/tienda\/product\/boligrafo-pelikan-pointec-punto-mediano-1-0mm\/","title":{"rendered":"Boligrafo Pelikan Pointec punto mediano 1.0mm"},"content":{"rendered":"<ul>\n<li>Dise\u00f1o ergon\u00f3mico que permite una mejor sujeci\u00f3n y estabilidad de la tapa<\/li>\n<li>Punta met\u00e1lica<\/li>\n<li>Punto Mediano<\/li>\n<li>Suave tinta semi-gel<\/li>\n<\/ul>\n","protected":false},"excerpt":{"rendered":"<p>Dise\u00f1o ergon\u00f3mico que permite una mejor sujeci\u00f3n y estabilidad de la tapa<\/p>\n","protected":false},"featured_media":101042,"comment_status":"open","ping_status":"closed","template":"","meta":[],"product_cat":[152,89],"product_tag":[154],"_links":{"self":[{"href":"https:\/\/www.vivian.com.gt\/tienda\/wp-json\/wp\/v2\/product\/99596"}],"collection":[{"href":"https:\/\/www.vivian.com.gt\/tienda\/wp-json\/wp\/v2\/product"}],"about":[{"href":"https:\/\/www.vivian.com.gt\/tienda\/wp-json\/wp\/v2\/types\/product"}],"replies":[{"embeddable":true,"href":"https:\/\/www.vivian.com.gt\/tienda\/wp-json\/wp\/v2\/comments?post=99596"}],"wp:featuredmedia":[{"embeddable":true,"href":"https:\/\/www.vivian.com.gt\/tienda\/wp-json\/wp\/v2\/media\/101042"}],"wp:attachment":[{"href":"https:\/\/www.vivian.com.gt\/tienda\/wp-json\/wp\/v2\/media?parent=99596"}],"wp:term":[{"taxonomy":"product_cat","embeddable":true,"href":"https:\/\/www.vivian.com.gt\/tienda\/wp-json\/wp\/v2\/product_cat?post=99596"},{"taxonomy":"product_tag","embeddable":true,"href":"https:\/\/www.vivian.com.gt\/tienda\/wp-json\/wp\/v2\/product_tag?post=99596"}],"curies":[{"name":"wp","href":"https:\/\/api.w.org\/{rel}","templated":true}]}}